34 a composite number?
True
Is 20371 prime?
False
Is 726877 a composite number?
True
Is 8254 a prime number?
False
Is 4195 composite?
True
Is 604739 a composite number?
True
Is 264457 composite?
True
Is 9953 a prime number?
False
Is 38147 prime?
False
Is 103543 a composite number?
True
Is 1496923 composite?
True
Is 24929 a composite number?
True
Is 47731 a composite number?
True
Is 307531 a composite number?
True
Is 2458 prime?
False
Is 15623 composite?
True
Is 3698615 composite?
True
Is 413729 a composite number?
True
Is 5501 a prime number?
True
Is 65737 a prime number?
False
Is 1602449 prime?
False
Is 18293 a composite number?
True
Is 24391 composite?
False
Is 548291 a composite number?
False
Is 52667 a composite number?
False
Is 41809 a prime number?
True
Is 4151 a composite number?
True
Is 132281 a composite number?
True
Is 9143 prime?
False
Is 147031 a prime number?
True
Is 967 composite?
False
Is 138259 prime?
False
Is 158803 composite?
False
Is 18493 composite?
False
Is 202799 prime?
True
Is 1357 composite?
True
Is 1213 composite?
False
Is 682901 a prime number?
True
Is 3613 a composite number?
False
Is 13387 a prime number?
False
Is 7045 a prime number?
False
Is 71405 composite?
True
Is 14113 composite?
True
Is 52759 composite?
True
Is 7613 prime?
False
Is 277411 composite?
False
Is 2602043 a composite number?
False
Is 39531 a prime number?
False
Is 1673 prime?
False
Is 15193 a composite number?
False
Is 34789 prime?
False
Is 63055 prime?
False
Is 3199 a prime number?
False
Is 60493 prime?
True
Is 762889 prime?
False
Is 23891 a prime number?
False
Is 2426005 a prime number?
False
Is 322165 prime?
False
Is 257783 composite?
False
Is 4903 a prime number?
True
Is 85889 composite?
False
Is 352301 composite?
False
Is 288647 a prime number?
True
Is 1431939 a composite number?
True
Is 1969 a composite number?
True
Is 49835 a prime number?
False
Is 45443 composite?
True
Is 5489 a prime number?
False
Is 869 a prime number?
False
Is 395 a composite number?
True
Is 217559 composite?
False
Is 122663 a prime number?
True
Is 403543 composite?
True
Is 46847 composite?
True
Is 72101 prime?
True
Is 934393 prime?
True
Is 59485 a composite number?
True
Is 991 a composite number?
False
Is 99219 a composite number?
True
Is 62126 a composite number?
True
Is 24733 prime?
True
Is 333803 a prime number?
True
Is 5645 a prime number?
False
Is 37441 composite?
False
Is 27847 prime?
True
Is 97057 a composite number?
True
Is 22913 a prime number?
False
Is 19289 a prime number?
True
Is 3133 composite?
True
Is 6841 prime?
True
Is 41161 composite?
False
Is 278449 composite?
True
Is 215443 prime?
True
Is 870461 a composite number?
False
Is 684094 prime?
False
Is 894667 composite?
False
Is 2032519 a prime number?
True
Is 115399 a prime number?
True
Is 841 prime?
False
Is 913 composite?
True
Is 68009 composite?
True
Is 7 a composite number?
False
Is 49643 a composite number?
True
Is 50021 a composite number?
False
Is 4033 a composite number?
True
Is 1207681 a prime number?
True
Is 29269 prime?
True
Is 8849 a composite number?
False
Is 9479 a composite number?
False
Is 6195287 a prime number?
False
Is 6467 prime?
False
Is 4333 a prime number?
False
Is 52639 prime?
True
Is 76721 prime?
False
Is 28235 a prime number?
False
Is 9719 prime?
True
Is 1847 a prime number?
True
Is 52489 a composite number?
False
Is 76071 a composite number?
True
Is 1836215 composite?
True
Is 2145439 a composite number?
False
Is 7901 a prime number?
True
Is 502114 a composite number?
True
Is 165689 composite?
True
Is 921941 a prime number?
False
Is 270871 composite?
True
Is 245393 composite?
True
Is 64781 a composite number?
False
Is 1172351 prime?
True
Is 10831 prime?
True
Is 1735 a prime number?
False
Is 111577 a prime number?
True
Is 18079 a prime number?
False
Is 1139237 prime?
False
Is 193243 a prime number?
True
Is 1695553 prime?
True
Is 242813 a composite number?
False
Is 957142 prime?
False
Is 14591 a prime number?
True
Is 181171 prime?
False
Is 355345 composite?
True
Is 10589 a prime number?
True
Is 22807 prime?
True
Is 53951 a prime number?
True
Is 27443 a composite number?
True
Is 1234873 a prime number?
True
Is 402562 a composite number?
True
Is 14501 a prime number?
False
Is 4169 a composite number?
True
Is 11129 a composite number?
True
Is 1021697 prime?
True
Is 768751 composite?
False
Is 314197 composite?
True
Is 84781 a composite number?
True
Is 390043 prime?
True
Is 12777 prime?
False
Is 7691 prime?
True
Is 114013 composite?
False
Is 38821 prime?
True
Is 9409 composite?
True
Is 302873 prime?
True
Is 211129 prime?
True
Is 456443 prime?
False
Is 238166 a composite number?
True
Is 258626 a composite number?
True
Is 12319 a composite number?
True
Is 47837 prime?
True
Is 63887 a composite number?
True
Is 2217 a prime number?
False
Is 1546 a prime number?
False
Is 19831 prime?
False
Is 18947 prime?
True
Is 170999 composite?
True
Is 147739 prime?
True
Is 3053 prime?
False
Is 2078 a prime number?
False
Is 71731 a prime number?
False
Is 2260673 composite?
False
Is 11777 prime?
True
Is 138821 composite?
False
Is 943 a composite number?
True
Is 12451 composite?
False
Is 5433 a prime number?
False
Is 4861 prime?
True
Is 33691 a composite number?
True
Is 36971 composite?
True
Is 23149 a composite number?
True
Is 81013 a prime number?
True
Is 28349 a composite number?
False
Is 3821 prime?
True
Is 74821 prime?
True
Is 1072471 prime?
True
Is 1347 a prime number?
False
Is 5795158 a prime number?
False
Is 168067 a composite number?
False
Is 12813 composite?
True
Is 192091 composite?
False
Is 625561 a composite number?
True
Is 642517 a prime number?
True
Is 10805 a prime number?
False
Is 186377 composite?
False
Is 40577 composite?
False
Is 9533 a composite number?
False
Is 14793 a prime number?
False
Is 4079 prime?
True
Is 2521 a prime number?
True
Is 574259 composite?
True
Is 53581 composite?
True
Is 208457 composite?
False
Is 162273 prime?
False
Is 241747 a composite number?
True
Is 221287 a composite number?
True
Is 1956497 prime?
False
Is 278701 a prime number?
True
Is 21547 a composite number?
True
Is 62773 a prime number?
True
Is 2482265 a prime number?
False
Is 4967 prime?
True
Is 75791 a prime number?
False
Is 368773 composite?
False
Is 131213 a prime number?
True
Is 153623 composite?
False
Is 20477 composite?
False
Is 4393 prime?
False
Is 29527 prime?
True
Is 21169 a prime number?
True
Is 80557 a prime number?
True
Is 14123 a prime number?
False
Is 107309 prime?
True
Is 632101 prime?
True
Is 365747 composite?
False
Is 12851 prime?
False
Is 377711 a prime number?
True
Is 368323 a composite number?
False
Is 9161987 a prime number?
True
Is 352301 a composite number?
False
Is 5539 composite?
True
Is 1070867 a composite number?
True
Is 14051 a prime number?
True
Is 189533 composite?
True
Is 5951 prime?
False
Is 30389 composite?
False
Is 48751 prime?
True
Is 2857 a composite number?
False
Is 99277 composite?
False
Is 124238 a composite number?
True
Is 3921 a composite number?
True
Is 29247 a composite number?
True
Is 8839 prime?
True
Is 13523 composite?
False
Is 8419 a composite number?
False
Is 52013 a prime number?
False
Is 211277 composite?
True
Is 128467 a composite number?
False
Is 288127 a composite number?
True
Is 919 prime?
True
Is 15359 a composite number?
False
Is 107441 composite?
False
Is 8741 a prime number?
True
Is 8999 a prime number?
True
Is 8549 composite?
True
Is 3161 composite?
True
Is 1068283 a prime number?
False
Is 26489 prime?
True
Is 21865 a composite number?
True
Is 22433 a prime number?
True
Is 4663 composite?
False
Is 18839 a composite number?
False
Is 96343 a prime number?
False
Is 19853 prime?
True
Is 252509 prime?
True
Is 995107 a prime number?
False
Is 34583 prime?
True
Is 3107 a composite number?
True
Is 22567 composite?
False
Is 40813 a prime number?
True
Is 30985 a prime number?
False
Is 10085 composite?
True
Is 44179 a composite number?
False
Is 240943 prime?
True
Is 11735 composite?
True
Is 77731 a prime number?
True
Is 223957 a composite number?
True
Is 397073 prime?
True
Is 172001 a prime number?
True
Is 2167811 a prime number?
False
Is 378446 a prime number?
False
Is 2053 a composite number?
False
Is 751207 a prime number?
True
Is 74887 composite?
False